{"id":8669,"date":"2022-04-23T17:12:47","date_gmt":"2022-04-23T15:12:47","guid":{"rendered":"https:\/\/www.comptoircolis.com\/?page_id=8669"},"modified":"2022-05-13T17:48:32","modified_gmt":"2022-05-13T15:48:32","slug":"depot-de-colis-multi-transporteurs","status":"publish","type":"page","link":"https:\/\/www.comptoircolis.com\/index.php\/depot-de-colis-multi-transporteurs\/","title":{"rendered":"D\u00e9p\u00f4t de colis multi transporteurs"},"content":{"rendered":"<div class=\"collapse__header\" tabindex=\"0\" role=\"button\" data-v-471474a8=\"\">\n<div class=\"collapse__header__inner\" data-v-471474a8=\"\">\n<h3 class=\"faq__subTitle\" data-v-a6ac773a=\"\" data-v-471474a8=\"\">Vous d\u00e9placer pour d\u00e9poser votre colis<\/h3>\n<\/div>\n<p>&nbsp;<\/p>\n<\/div>\n<div class=\"collapse__text\" data-v-471474a8=\"\">\n<div class=\"collapse__text__inner\" data-v-471474a8=\"\">\n<div data-v-a6ac773a=\"\" data-v-471474a8=\"\">Eviter un d\u00e9placement en v\u00e9hicule thermique pour d\u00e9poser un seul colis est l\u2019action majeure \u00e0 entreprendre\u202fpour r\u00e9duire les impacts environnementaux de votre envoi.<\/div>\n<div data-v-a6ac773a=\"\" data-v-471474a8=\"\">Privil\u00e9giez les transports en commun, les modes doux (\u00e0 pied, \u00e0 v\u00e9lo) et pensez \u00e0 regrouper vos d\u00e9placements.<br \/>\nDe son c\u00f4t\u00e9,<strong> ComptoirColis<\/strong> optimise les taux de remplissage de ses camions et mutualise ses transports afin de r\u00e9duire au maximum l\u2019empreinte environnementale de chaque colis.<\/div>\n<\/div>\n<div data-v-a6ac773a=\"\" data-v-471474a8=\"\">\n<div class=\"collapse__header\" tabindex=\"0\" role=\"button\" data-v-471474a8=\"\">\n<div class=\"collapse__header__inner\" data-v-471474a8=\"\">\n<h3 class=\"faq__subTitle\" data-v-a6ac773a=\"\" data-v-471474a8=\"\">R\u00e9ceptionner votre colis<\/h3>\n<\/div>\n<p>&nbsp;<\/p>\n<\/div>\n<div class=\"collapse__text\" data-v-471474a8=\"\">\n<div class=\"collapse__text__inner\" data-v-471474a8=\"\">\n<div data-v-a6ac773a=\"\" data-v-471474a8=\"\">En cas de livraison \u00e0 domicile ou au bureau, une adresse compl\u00e8te, une bo\u00eete aux lettres adapt\u00e9e et accessible et \/ ou votre pr\u00e9sence permettent d&rsquo;augmenter significativement la r\u00e9ussite de la livraison et \u00e9vite les impacts d&rsquo;une 2<sup>\u00e8me<\/sup>\u00a0livraison. Donner procuration au gardien de votre r\u00e9sidence ou \u00e0 un voisin en cas d\u2019absence peut \u00eatre aussi une bonne solution.<\/div>\n<\/div>\n<div data-v-a6ac773a=\"\" data-v-471474a8=\"\">\n<div class=\"collapse__header\" tabindex=\"0\" role=\"button\" data-v-471474a8=\"\">\n<div class=\"collapse__header__inner\" data-v-471474a8=\"\">\n<h3 class=\"faq__subTitle\" data-v-a6ac773a=\"\" data-v-471474a8=\"\">Retourner votre commande<\/h3>\n<\/div>\n<p>&nbsp;<\/p>\n<\/div>\n<div class=\"collapse__text\" data-v-471474a8=\"\">\n<div class=\"collapse__text__inner\" data-v-471474a8=\"\">\n<div data-v-a6ac773a=\"\" data-v-471474a8=\"\">Retourner une partie de votre commande implique un nouvel envoi. Pour en minimiser les impacts, r\u00e9utilisez l&#8217;emballage initial et optez pour une exp\u00e9dition en point relais chez <strong>ComptoirColis.<\/strong><\/div>\n<\/div>\n<\/div>\n<\/div>\n<\/div>\n<\/div>\n<\/div>\n<div data-v-a6ac773a=\"\" data-v-471474a8=\"\"><\/div>\n<div data-v-a6ac773a=\"\" data-v-471474a8=\"\"><\/div>\n<div data-v-a6ac773a=\"\" data-v-471474a8=\"\">\n<div class=\"collapse__header\" tabindex=\"0\" role=\"button\" data-v-471474a8=\"\">\n<div class=\"collapse__header__inner\" data-v-471474a8=\"\">\n<h3 class=\"faq__subTitle\" data-v-a6ac773a=\"\" data-v-471474a8=\"\">Choisir le mode de livraison de votre colis<\/h3>\n<\/div>\n<p><i class=\"collapse__icon icon icon--arrow-bottom icon--regular icon--default\" data-v-20533b25=\"\" data-v-471474a8=\"\"><\/i><\/div>\n<div class=\"collapse__text\" data-v-471474a8=\"\">\n<div class=\"collapse__text__inner\" data-v-471474a8=\"\">\n<div data-v-a6ac773a=\"\" data-v-471474a8=\"\">Une adresse correctement r\u00e9dig\u00e9e permet d&rsquo;augmenter significativement la r\u00e9ussite de la livraison. Une premi\u00e8re livraison r\u00e9ussie \u00e9vite un nouveau d\u00e9placement du livreur\u202f ou du facteur : c\u2019est moins d\u2019impacts pour la plan\u00e8te\u202f!<\/div>\n<\/div>\n<\/div>\n<\/div>\n<div class=\"collapse__text\" data-v-471474a8=\"\">\n<div data-v-a6ac773a=\"\" data-v-471474a8=\"\">\n<div class=\"collapse__text\" data-v-471474a8=\"\">\n<div data-v-a6ac773a=\"\" data-v-471474a8=\"\">\n<div class=\"collapse__text\" data-v-471474a8=\"\">\n<div data-v-a6ac773a=\"\" data-v-471474a8=\"\"><\/div>\n<\/div>\n<\/div>\n<\/div>\n<\/div>\n<\/div>\n<div data-v-a6ac773a=\"\" data-v-471474a8=\"\"><\/div>\n<div data-v-a6ac773a=\"\" data-v-471474a8=\"\"><\/div>\n","protected":false},"excerpt":{"rendered":"<p>Vous d\u00e9placer pour d\u00e9poser votre colis &nbsp; Eviter un d\u00e9placement en v\u00e9hicule thermique pour d\u00e9poser un seul colis est l\u2019action majeure \u00e0 entreprendre\u202fpour r\u00e9duire les impacts environnementaux de votre envoi. Privil\u00e9giez les transports en commun, les modes doux (\u00e0 pied, \u00e0 v\u00e9lo) et pensez \u00e0 regrouper vos d\u00e9placements. De son c\u00f4t\u00e9, ComptoirColis optimise les taux &hellip; <a href=\"https:\/\/www.comptoircolis.com\/index.php\/depot-de-colis-multi-transporteurs\/\" class=\"more-link\">Continue reading <span class=\"screen-reader-text\">D\u00e9p\u00f4t de colis multi transporteurs<\/span><\/a><\/p>\n","protected":false},"author":1,"featured_media":0,"parent":0,"menu_order":0,"comment_status":"closed","ping_status":"closed","template":"","meta":{"footnotes":""},"class_list":["post-8669","page","type-page","status-publish","hentry"],"_links":{"self":[{"href":"https:\/\/www.comptoircolis.com\/index.php\/wp-json\/wp\/v2\/pages\/8669","targetHints":{"allow":["GET"]}}],"collection":[{"href":"https:\/\/www.comptoircolis.com\/index.php\/wp-json\/wp\/v2\/pages"}],"about":[{"href":"https:\/\/www.comptoircolis.com\/index.php\/wp-json\/wp\/v2\/types\/page"}],"author":[{"embeddable":true,"href":"https:\/\/www.comptoircolis.com\/index.php\/wp-json\/wp\/v2\/users\/1"}],"replies":[{"embeddable":true,"href":"https:\/\/www.comptoircolis.com\/index.php\/wp-json\/wp\/v2\/comments?post=8669"}],"version-history":[{"count":6,"href":"https:\/\/www.comptoircolis.com\/index.php\/wp-json\/wp\/v2\/pages\/8669\/revisions"}],"predecessor-version":[{"id":8832,"href":"https:\/\/www.comptoircolis.com\/index.php\/wp-json\/wp\/v2\/pages\/8669\/revisions\/8832"}],"wp:attachment":[{"href":"https:\/\/www.comptoircolis.com\/index.php\/wp-json\/wp\/v2\/media?parent=8669"}],"curies":[{"name":"wp","href":"https:\/\/api.w.org\/{rel}","templated":true}]}}